{"id":92,"date":"2025-04-03T15:36:34","date_gmt":"2025-04-03T13:36:34","guid":{"rendered":"https:\/\/naxam.fr\/?page_id=92"},"modified":"2025-05-26T14:46:21","modified_gmt":"2025-05-26T12:46:21","slug":"contact","status":"publish","type":"page","link":"https:\/\/naxam.fr\/index.php\/contact\/","title":{"rendered":"Contact"},"content":{"rendered":"\t\t<div data-elementor-type=\"wp-page\" data-elementor-id=\"92\" class=\"elementor elementor-92\">\n\t\t\t\t<div class=\"elementor-element elementor-element-13e72bc e-flex e-con-boxed e-con e-parent\" data-id=\"13e72bc\" data-element_type=\"container\">\n\t\t\t\t\t<div class=\"e-con-inner\">\n\t\t<div class=\"elementor-element elementor-element-f3e2ee9 e-con-full e-flex e-con e-child\" data-id=\"f3e2ee9\" data-element_type=\"container\">\n\t\t\t\t<div class=\"elementor-element elementor-element-f7f3751 elementor-widget__width-initial elementor-widget elementor-widget-heading\" data-id=\"f7f3751\" data-element_type=\"widget\" data-widget_type=\"heading.default\">\n\t\t\t\t<div class=\"elementor-widget-container\">\n\t\t\t\t\t<h2 class=\"elementor-heading-title elementor-size-default\">Contact<\/h2>\t\t\t\t<\/div>\n\t\t\t\t<\/div>\n\t\t\t\t<\/div>\n\t\t<div class=\"elementor-element elementor-element-f907fc3 e-con-full e-flex e-con e-child\" data-id=\"f907fc3\" data-element_type=\"container\">\n\t\t\t\t<div class=\"elementor-element elementor-element-2880e88 elementor-widget elementor-widget-image\" data-id=\"2880e88\" data-element_type=\"widget\" data-widget_type=\"image.default\">\n\t\t\t\t<div class=\"elementor-widget-container\">\n\t\t\t\t\t\t\t\t\t\t\t\t\t\t\t<img fetchpriority=\"high\" decoding=\"async\" width=\"800\" height=\"533\" src=\"https:\/\/naxam.fr\/wp-content\/uploads\/2025\/04\/croissance-site-naxam-candidat.jpg\" class=\"attachment-large size-large wp-image-471\" alt=\"\" srcset=\"https:\/\/naxam.fr\/wp-content\/uploads\/2025\/04\/croissance-site-naxam-candidat.jpg 800w, https:\/\/naxam.fr\/wp-content\/uploads\/2025\/04\/croissance-site-naxam-candidat-300x200.jpg 300w, https:\/\/naxam.fr\/wp-content\/uploads\/2025\/04\/croissance-site-naxam-candidat-768x512.jpg 768w\" sizes=\"(max-width: 800px) 100vw, 800px\" \/>\t\t\t\t\t\t\t\t\t\t\t\t\t\t\t<\/div>\n\t\t\t\t<\/div>\n\t\t\t\t<\/div>\n\t\t\t\t\t<\/div>\n\t\t\t\t<\/div>\n\t\t<div class=\"elementor-element elementor-element-5567a26 e-con-full e-flex e-con e-parent\" data-id=\"5567a26\" data-element_type=\"container\">\n\t\t<div class=\"elementor-element elementor-element-4502595 e-flex e-con-boxed e-con e-child\" data-id=\"4502595\" data-element_type=\"container\">\n\t\t\t\t\t<div class=\"e-con-inner\">\n\t\t<div class=\"elementor-element elementor-element-e99c698 e-con-full e-flex e-con e-child\" data-id=\"e99c698\" data-element_type=\"container\">\n\t\t\t\t<div class=\"elementor-element elementor-element-42c0a86 elementor-widget elementor-widget-text-editor\" data-id=\"42c0a86\" data-element_type=\"widget\" data-widget_type=\"text-editor.default\">\n\t\t\t\t<div class=\"elementor-widget-container\">\n\t\t\t\t\t\t\t\t\t<p class=\"cvGsUA direction-ltr align-center para-style-body\"><span class=\"OYPEnA font-feature-liga-off font-feature-clig-off font-feature-calt-off text-decoration-none text-strikethrough-none\">Vous \u00eates une entreprise :<\/span><\/p><p class=\"cvGsUA direction-ltr align-center para-style-body\"><span class=\"OYPEnA font-feature-liga-off font-feature-clig-off font-feature-calt-off text-decoration-none text-strikethrough-none\">On en discute ?<\/span><\/p>\t\t\t\t\t\t\t\t<\/div>\n\t\t\t\t<\/div>\n\t\t\t\t<\/div>\n\t\t\t\t<div class=\"elementor-element elementor-element-38b9b51 elementor-widget elementor-widget-text-editor\" data-id=\"38b9b51\" data-element_type=\"widget\" data-widget_type=\"text-editor.default\">\n\t\t\t\t<div class=\"elementor-widget-container\">\n\t\t\t\t\t\t\t\t\t<p>Vous souhaitez recruter au sein de <strong>vos fonctions support<\/strong> mais n\u2019\u00eates pas tout \u00e0 fait s\u00fbr du <strong>profil \u00e0 embaucher<\/strong> ?<\/p><p>Vous n\u2019avez pas le temps ou les ressources n\u00e9cessaires ?<\/p><p>Vous avez malheureusement d\u00e9j\u00e0 exp\u00e9riment\u00e9 une erreur de recrutement et vous en avez pay\u00e9 le prix ?<\/p><p>Vous pensez que <strong>vos fonctions support<\/strong> pourraient b\u00e9n\u00e9ficier de plus de <strong>fluidit\u00e9<\/strong> ?<\/p><p><strong>Prenez quelques minutes pour \u00e9changer avec nous&#8230; elles pourront peut-\u00eatre tout changer !<\/strong><\/p>\t\t\t\t\t\t\t\t<\/div>\n\t\t\t\t<\/div>\n\t\t<div class=\"elementor-element elementor-element-07e37e8 e-con-full e-flex e-con e-child\" data-id=\"07e37e8\" data-element_type=\"container\">\n\t\t\t\t<div class=\"elementor-element elementor-element-e90cb59 elementor-align-center elementor-widget__width-initial elementor-widget elementor-widget-button\" data-id=\"e90cb59\" data-element_type=\"widget\" data-widget_type=\"button.default\">\n\t\t\t\t<div class=\"elementor-widget-container\">\n\t\t\t\t\t\t\t\t\t<div class=\"elementor-button-wrapper\">\n\t\t\t\t\t<a class=\"elementor-button elementor-button-link elementor-size-sm\" href=\"https:\/\/calendly.com\/emilie-naxam\/appel-decouverte\" target=\"_blank\">\n\t\t\t\t\t\t<span class=\"elementor-button-content-wrapper\">\n\t\t\t\t\t\t\t\t\t<span class=\"elementor-button-text\">Prenez RDV<\/span>\n\t\t\t\t\t<\/span>\n\t\t\t\t\t<\/a>\n\t\t\t\t<\/div>\n\t\t\t\t\t\t\t\t<\/div>\n\t\t\t\t<\/div>\n\t\t\t\t<\/div>\n\t\t\t\t\t<\/div>\n\t\t\t\t<\/div>\n\t\t<div class=\"elementor-element elementor-element-fb6ad35 e-con-full e-flex e-con e-child\" data-id=\"fb6ad35\" data-element_type=\"container\">\n\t\t<div class=\"elementor-element elementor-element-a1ce32f e-con-full e-flex e-con e-child\" data-id=\"a1ce32f\" data-element_type=\"container\">\n\t\t\t\t<div class=\"elementor-element elementor-element-9a50db4 elementor-widget elementor-widget-text-editor\" data-id=\"9a50db4\" data-element_type=\"widget\" data-widget_type=\"text-editor.default\">\n\t\t\t\t<div class=\"elementor-widget-container\">\n\t\t\t\t\t\t\t\t\t<p class=\"cvGsUA direction-ltr align-center para-style-body\"><span class=\"OYPEnA font-feature-liga-off font-feature-clig-off font-feature-calt-off text-decoration-none text-strikethrough-none\">Vous \u00eates un candidat :<\/span><\/p><p class=\"cvGsUA direction-ltr align-center para-style-body\"><span class=\"OYPEnA font-feature-liga-off font-feature-clig-off font-feature-calt-off text-decoration-none text-strikethrough-none\">Envie de changer ?<\/span><\/p>\t\t\t\t\t\t\t\t<\/div>\n\t\t\t\t<\/div>\n\t\t\t\t<\/div>\n\t\t\t\t<div class=\"elementor-element elementor-element-0ac5e6e elementor-widget elementor-widget-text-editor\" data-id=\"0ac5e6e\" data-element_type=\"widget\" data-widget_type=\"text-editor.default\">\n\t\t\t\t<div class=\"elementor-widget-container\">\n\t\t\t\t\t\t\t\t\t<p class=\"cvGsUA direction-ltr align-start para-style-body\"><span class=\"OYPEnA font-feature-liga-off font-feature-clig-off font-feature-calt-off text-decoration-none text-strikethrough-none\">Vous \u00eates \u00e0 la recherche d\u2019<strong>une nouvelle <\/strong><\/span><strong><span class=\"OYPEnA font-feature-liga-off font-feature-clig-off font-feature-calt-off text-decoration-none text-strikethrough-none\">opportunit\u00e9<\/span><\/strong><span class=\"OYPEnA font-feature-liga-off font-feature-clig-off font-feature-calt-off text-decoration-none text-strikethrough-none\"> ?<\/span><\/p><p class=\"cvGsUA direction-ltr align-start para-style-body\"><span class=\"OYPEnA font-feature-liga-off font-feature-clig-off font-feature-calt-off text-decoration-none text-strikethrough-none\">Votre m\u00e9tier est <strong>en support aux op\u00e9rationnels<\/strong> et vous souhaitez donner <strong>un <\/strong><\/span><strong><span class=\"OYPEnA font-feature-liga-off font-feature-clig-off font-feature-calt-off text-decoration-none text-strikethrough-none\">nouvel \u00e9lan \u00e0 votre carri\u00e8re<\/span><\/strong><span class=\"OYPEnA font-feature-liga-off font-feature-clig-off font-feature-calt-off text-decoration-none text-strikethrough-none\"> ?<\/span><\/p><p class=\"cvGsUA direction-ltr align-start para-style-body\"><span class=\"OYPEnA font-feature-liga-off font-feature-clig-off font-feature-calt-off text-decoration-none text-strikethrough-none\">Que vous soyez actuellement en poste ou pas, nous pouvons vous accompagner dans cette <\/span><span class=\"OYPEnA font-feature-liga-off font-feature-clig-off font-feature-calt-off text-decoration-none text-strikethrough-none\">aventure<\/span><span class=\"OYPEnA font-feature-liga-off font-feature-clig-off font-feature-calt-off text-decoration-none text-strikethrough-none\">.<\/span><\/p><p class=\"cvGsUA direction-ltr align-start para-style-body\"><span class=\"OYPEnA font-feature-liga-off font-feature-clig-off font-feature-calt-off text-decoration-none text-strikethrough-none\">Nous prendrons <strong>le temps de <\/strong><\/span><strong><span class=\"OYPEnA font-feature-liga-off font-feature-clig-off font-feature-calt-off text-decoration-none text-strikethrough-none\">vous \u00e9couter<\/span><span class=\"OYPEnA font-feature-liga-off font-feature-clig-off font-feature-calt-off text-decoration-none text-strikethrough-none\">, de <\/span><span class=\"OYPEnA font-feature-liga-off font-feature-clig-off font-feature-calt-off text-decoration-none text-strikethrough-none\">vous conseiller<\/span><\/strong><span class=\"OYPEnA font-feature-liga-off font-feature-clig-off font-feature-calt-off text-decoration-none text-strikethrough-none\"> et, au-del\u00e0 de votre savoir-faire, une attention toute particuli\u00e8re sera port\u00e9e \u00e0 <\/span><strong><span class=\"OYPEnA font-feature-liga-off font-feature-clig-off font-feature-calt-off text-decoration-none text-strikethrough-none\">votre personnalit\u00e9<\/span><\/strong><span class=\"OYPEnA font-feature-liga-off font-feature-clig-off font-feature-calt-off text-decoration-none text-strikethrough-none\"> et \u00e0 comment elle pourra s\u2019inscrire <\/span><span class=\"OYPEnA font-feature-liga-off font-feature-clig-off font-feature-calt-off text-decoration-none text-strikethrough-none\">durablement<\/span><span class=\"OYPEnA font-feature-liga-off font-feature-clig-off font-feature-calt-off text-decoration-none text-strikethrough-none\"> dans une nouvelle structure et une nouvelle \u00e9quipe.<\/span><\/p>\t\t\t\t\t\t\t\t<\/div>\n\t\t\t\t<\/div>\n\t\t<div class=\"elementor-element elementor-element-b1f49b1 e-con-full e-flex e-con e-child\" data-id=\"b1f49b1\" data-element_type=\"container\">\n\t\t\t\t<div class=\"elementor-element elementor-element-e613249 elementor-align-center elementor-widget__width-initial elementor-widget elementor-widget-button\" data-id=\"e613249\" data-element_type=\"widget\" data-widget_type=\"button.default\">\n\t\t\t\t<div class=\"elementor-widget-container\">\n\t\t\t\t\t\t\t\t\t<div class=\"elementor-button-wrapper\">\n\t\t\t\t\t<a class=\"elementor-button elementor-size-sm\" role=\"button\" id=\"bouton-formulaire\">\n\t\t\t\t\t\t<span class=\"elementor-button-content-wrapper\">\n\t\t\t\t\t\t\t\t\t<span class=\"elementor-button-text\">Candidature spontan\u00e9e<\/span>\n\t\t\t\t\t<\/span>\n\t\t\t\t\t<\/a>\n\t\t\t\t<\/div>\n\t\t\t\t\t\t\t\t<\/div>\n\t\t\t\t<\/div>\n\t\t\t\t<div class=\"elementor-element elementor-element-932ff4b elementor-widget__width-initial elementor-widget elementor-widget-text-editor\" data-id=\"932ff4b\" data-element_type=\"widget\" data-widget_type=\"text-editor.default\">\n\t\t\t\t<div class=\"elementor-widget-container\">\n\t\t\t\t\t\t\t\t\t<p>Cliquer puis compl\u00e9ter le formulaire ci-dessous<\/p>\t\t\t\t\t\t\t\t<\/div>\n\t\t\t\t<\/div>\n\t\t\t\t<\/div>\n\t\t\t\t<\/div>\n\t\t\t\t<\/div>\n\t\t<div class=\"elementor-element elementor-element-4fc84d5 e-con-full e-flex e-con e-parent\" data-id=\"4fc84d5\" data-element_type=\"container\">\n\t\t\t\t<div class=\"elementor-element elementor-element-9f7de53 formulaire-cache elementor-widget elementor-widget-shortcode\" data-id=\"9f7de53\" data-element_type=\"widget\" data-widget_type=\"shortcode.default\">\n\t\t\t\t<div class=\"elementor-widget-container\">\n\t\t\t\t\t\t\t<div class=\"elementor-shortcode\"><form id=\"forminator-module-492\" class=\"forminator-custom-form forminator-custom-form-492\" method=\"post\" data-forminator-render=\"0\" data-uid=\"69d62dce31419\"><div role=\"alert\" aria-live=\"polite\" class=\"forminator-response-message forminator-error\" aria-hidden=\"true\"><\/div><\/form><\/div>\n\t\t\t\t\t\t<\/div>\n\t\t\t\t<\/div>\n\t\t\t\t<\/div>\n\t\t<div class=\"elementor-element elementor-element-f8d1d72 e-flex e-con-boxed e-con e-parent\" data-id=\"f8d1d72\" data-element_type=\"container\">\n\t\t\t\t\t<div class=\"e-con-inner\">\n\t\t\t\t<div class=\"elementor-element elementor-element-3628730 elementor-widget elementor-widget-html\" data-id=\"3628730\" data-element_type=\"widget\" data-widget_type=\"html.default\">\n\t\t\t\t<div class=\"elementor-widget-container\">\n\t\t\t\t\t<script>\r\ndocument.addEventListener(\"DOMContentLoaded\", function () {\r\n  const bouton = document.getElementById(\"bouton-formulaire\");\r\n  const formulaire = document.querySelector(\".formulaire-cache\");\r\n\r\n  if (bouton && formulaire) {\r\n    bouton.style.cursor = \"pointer\"; \/\/ pour le curseur en forme de main\r\n\r\n    bouton.addEventListener(\"click\", function (e) {\r\n      e.preventDefault();\r\n      formulaire.classList.toggle(\"formulaire-visible\");\r\n    });\r\n  }\r\n});\r\n<\/script>\r\n\t\t\t\t<\/div>\n\t\t\t\t<\/div>\n\t\t\t\t\t<\/div>\n\t\t\t\t<\/div>\n\t\t\t\t<\/div>\n\t\t","protected":false},"excerpt":{"rendered":"<p>Contact Vous \u00eates une entreprise : On en discute ? Vous souhaitez recruter au sein de vos fonctions support mais n\u2019\u00eates pas tout \u00e0 fait s\u00fbr du profil \u00e0 embaucher ? Vous n\u2019avez pas le temps ou les ressources n\u00e9cessaires ? Vous avez malheureusement d\u00e9j\u00e0 exp\u00e9riment\u00e9 une erreur de recrutement et vous en avez pay\u00e9 [&hellip;]<\/p>\n","protected":false},"author":1,"featured_media":0,"parent":0,"menu_order":0,"comment_status":"closed","ping_status":"closed","template":"","meta":{"footnotes":""},"class_list":["post-92","page","type-page","status-publish","hentry","entry"],"yoast_head":"<!-- This site is optimized with the Yoast SEO plugin v25.1 - https:\/\/yoast.com\/wordpress\/plugins\/seo\/ -->\n<title>Contact - NaXam<\/title>\n<meta name=\"robots\" content=\"index, follow, max-snippet:-1, max-image-preview:large, max-video-preview:-1\" \/>\n<link rel=\"canonical\" href=\"https:\/\/naxam.fr\/index.php\/contact\/\" \/>\n<meta property=\"og:locale\" content=\"fr_FR\" \/>\n<meta property=\"og:type\" content=\"article\" \/>\n<meta property=\"og:title\" content=\"Contact - NaXam\" \/>\n<meta property=\"og:description\" content=\"Contact Vous \u00eates une entreprise : On en discute ? Vous souhaitez recruter au sein de vos fonctions support mais n\u2019\u00eates pas tout \u00e0 fait s\u00fbr du profil \u00e0 embaucher ? Vous n\u2019avez pas le temps ou les ressources n\u00e9cessaires ? Vous avez malheureusement d\u00e9j\u00e0 exp\u00e9riment\u00e9 une erreur de recrutement et vous en avez pay\u00e9 [&hellip;]\" \/>\n<meta property=\"og:url\" content=\"https:\/\/naxam.fr\/index.php\/contact\/\" \/>\n<meta property=\"og:site_name\" content=\"NaXam\" \/>\n<meta property=\"article:modified_time\" content=\"2025-05-26T12:46:21+00:00\" \/>\n<meta property=\"og:image\" content=\"https:\/\/naxam.fr\/wp-content\/uploads\/2025\/04\/croissance-site-naxam-candidat.jpg\" \/>\n\t<meta property=\"og:image:width\" content=\"800\" \/>\n\t<meta property=\"og:image:height\" content=\"533\" \/>\n\t<meta property=\"og:image:type\" content=\"image\/jpeg\" \/>\n<meta name=\"twitter:card\" content=\"summary_large_image\" \/>\n<meta name=\"twitter:label1\" content=\"Dur\u00e9e de lecture estim\u00e9e\" \/>\n\t<meta name=\"twitter:data1\" content=\"2 minutes\" \/>\n<script type=\"application\/ld+json\" class=\"yoast-schema-graph\">{\"@context\":\"https:\/\/schema.org\",\"@graph\":[{\"@type\":\"WebPage\",\"@id\":\"https:\/\/naxam.fr\/index.php\/contact\/\",\"url\":\"https:\/\/naxam.fr\/index.php\/contact\/\",\"name\":\"Contact - NaXam\",\"isPartOf\":{\"@id\":\"https:\/\/naxam.fr\/#website\"},\"primaryImageOfPage\":{\"@id\":\"https:\/\/naxam.fr\/index.php\/contact\/#primaryimage\"},\"image\":{\"@id\":\"https:\/\/naxam.fr\/index.php\/contact\/#primaryimage\"},\"thumbnailUrl\":\"https:\/\/naxam.fr\/wp-content\/uploads\/2025\/04\/croissance-site-naxam-candidat.jpg\",\"datePublished\":\"2025-04-03T13:36:34+00:00\",\"dateModified\":\"2025-05-26T12:46:21+00:00\",\"breadcrumb\":{\"@id\":\"https:\/\/naxam.fr\/index.php\/contact\/#breadcrumb\"},\"inLanguage\":\"fr-FR\",\"potentialAction\":[{\"@type\":\"ReadAction\",\"target\":[\"https:\/\/naxam.fr\/index.php\/contact\/\"]}]},{\"@type\":\"ImageObject\",\"inLanguage\":\"fr-FR\",\"@id\":\"https:\/\/naxam.fr\/index.php\/contact\/#primaryimage\",\"url\":\"https:\/\/naxam.fr\/wp-content\/uploads\/2025\/04\/croissance-site-naxam-candidat.jpg\",\"contentUrl\":\"https:\/\/naxam.fr\/wp-content\/uploads\/2025\/04\/croissance-site-naxam-candidat.jpg\",\"width\":800,\"height\":533},{\"@type\":\"BreadcrumbList\",\"@id\":\"https:\/\/naxam.fr\/index.php\/contact\/#breadcrumb\",\"itemListElement\":[{\"@type\":\"ListItem\",\"position\":1,\"name\":\"Accueil\",\"item\":\"https:\/\/naxam.fr\/\"},{\"@type\":\"ListItem\",\"position\":2,\"name\":\"Contact\"}]},{\"@type\":\"WebSite\",\"@id\":\"https:\/\/naxam.fr\/#website\",\"url\":\"https:\/\/naxam.fr\/\",\"name\":\"NaXam\",\"description\":\"People&amp;Process\",\"publisher\":{\"@id\":\"https:\/\/naxam.fr\/#organization\"},\"potentialAction\":[{\"@type\":\"SearchAction\",\"target\":{\"@type\":\"EntryPoint\",\"urlTemplate\":\"https:\/\/naxam.fr\/?s={search_term_string}\"},\"query-input\":{\"@type\":\"PropertyValueSpecification\",\"valueRequired\":true,\"valueName\":\"search_term_string\"}}],\"inLanguage\":\"fr-FR\"},{\"@type\":\"Organization\",\"@id\":\"https:\/\/naxam.fr\/#organization\",\"name\":\"NaXam\",\"url\":\"https:\/\/naxam.fr\/\",\"logo\":{\"@type\":\"ImageObject\",\"inLanguage\":\"fr-FR\",\"@id\":\"https:\/\/naxam.fr\/#\/schema\/logo\/image\/\",\"url\":\"https:\/\/naxam.fr\/wp-content\/uploads\/2025\/03\/cropped-NaXam-site-internet.png\",\"contentUrl\":\"https:\/\/naxam.fr\/wp-content\/uploads\/2025\/03\/cropped-NaXam-site-internet.png\",\"width\":282,\"height\":153,\"caption\":\"NaXam\"},\"image\":{\"@id\":\"https:\/\/naxam.fr\/#\/schema\/logo\/image\/\"},\"sameAs\":[\"https:\/\/www.linkedin.com\/company\/naxam\/\"]}]}<\/script>\n<!-- \/ Yoast SEO plugin. -->","yoast_head_json":{"title":"Contact - NaXam","robots":{"index":"index","follow":"follow","max-snippet":"max-snippet:-1","max-image-preview":"max-image-preview:large","max-video-preview":"max-video-preview:-1"},"canonical":"https:\/\/naxam.fr\/index.php\/contact\/","og_locale":"fr_FR","og_type":"article","og_title":"Contact - NaXam","og_description":"Contact Vous \u00eates une entreprise : On en discute ? Vous souhaitez recruter au sein de vos fonctions support mais n\u2019\u00eates pas tout \u00e0 fait s\u00fbr du profil \u00e0 embaucher ? Vous n\u2019avez pas le temps ou les ressources n\u00e9cessaires ? Vous avez malheureusement d\u00e9j\u00e0 exp\u00e9riment\u00e9 une erreur de recrutement et vous en avez pay\u00e9 [&hellip;]","og_url":"https:\/\/naxam.fr\/index.php\/contact\/","og_site_name":"NaXam","article_modified_time":"2025-05-26T12:46:21+00:00","og_image":[{"width":800,"height":533,"url":"https:\/\/naxam.fr\/wp-content\/uploads\/2025\/04\/croissance-site-naxam-candidat.jpg","type":"image\/jpeg"}],"twitter_card":"summary_large_image","twitter_misc":{"Dur\u00e9e de lecture estim\u00e9e":"2 minutes"},"schema":{"@context":"https:\/\/schema.org","@graph":[{"@type":"WebPage","@id":"https:\/\/naxam.fr\/index.php\/contact\/","url":"https:\/\/naxam.fr\/index.php\/contact\/","name":"Contact - NaXam","isPartOf":{"@id":"https:\/\/naxam.fr\/#website"},"primaryImageOfPage":{"@id":"https:\/\/naxam.fr\/index.php\/contact\/#primaryimage"},"image":{"@id":"https:\/\/naxam.fr\/index.php\/contact\/#primaryimage"},"thumbnailUrl":"https:\/\/naxam.fr\/wp-content\/uploads\/2025\/04\/croissance-site-naxam-candidat.jpg","datePublished":"2025-04-03T13:36:34+00:00","dateModified":"2025-05-26T12:46:21+00:00","breadcrumb":{"@id":"https:\/\/naxam.fr\/index.php\/contact\/#breadcrumb"},"inLanguage":"fr-FR","potentialAction":[{"@type":"ReadAction","target":["https:\/\/naxam.fr\/index.php\/contact\/"]}]},{"@type":"ImageObject","inLanguage":"fr-FR","@id":"https:\/\/naxam.fr\/index.php\/contact\/#primaryimage","url":"https:\/\/naxam.fr\/wp-content\/uploads\/2025\/04\/croissance-site-naxam-candidat.jpg","contentUrl":"https:\/\/naxam.fr\/wp-content\/uploads\/2025\/04\/croissance-site-naxam-candidat.jpg","width":800,"height":533},{"@type":"BreadcrumbList","@id":"https:\/\/naxam.fr\/index.php\/contact\/#breadcrumb","itemListElement":[{"@type":"ListItem","position":1,"name":"Accueil","item":"https:\/\/naxam.fr\/"},{"@type":"ListItem","position":2,"name":"Contact"}]},{"@type":"WebSite","@id":"https:\/\/naxam.fr\/#website","url":"https:\/\/naxam.fr\/","name":"NaXam","description":"People&amp;Process","publisher":{"@id":"https:\/\/naxam.fr\/#organization"},"potentialAction":[{"@type":"SearchAction","target":{"@type":"EntryPoint","urlTemplate":"https:\/\/naxam.fr\/?s={search_term_string}"},"query-input":{"@type":"PropertyValueSpecification","valueRequired":true,"valueName":"search_term_string"}}],"inLanguage":"fr-FR"},{"@type":"Organization","@id":"https:\/\/naxam.fr\/#organization","name":"NaXam","url":"https:\/\/naxam.fr\/","logo":{"@type":"ImageObject","inLanguage":"fr-FR","@id":"https:\/\/naxam.fr\/#\/schema\/logo\/image\/","url":"https:\/\/naxam.fr\/wp-content\/uploads\/2025\/03\/cropped-NaXam-site-internet.png","contentUrl":"https:\/\/naxam.fr\/wp-content\/uploads\/2025\/03\/cropped-NaXam-site-internet.png","width":282,"height":153,"caption":"NaXam"},"image":{"@id":"https:\/\/naxam.fr\/#\/schema\/logo\/image\/"},"sameAs":["https:\/\/www.linkedin.com\/company\/naxam\/"]}]}},"_links":{"self":[{"href":"https:\/\/naxam.fr\/index.php\/wp-json\/wp\/v2\/pages\/92","targetHints":{"allow":["GET"]}}],"collection":[{"href":"https:\/\/naxam.fr\/index.php\/wp-json\/wp\/v2\/pages"}],"about":[{"href":"https:\/\/naxam.fr\/index.php\/wp-json\/wp\/v2\/types\/page"}],"author":[{"embeddable":true,"href":"https:\/\/naxam.fr\/index.php\/wp-json\/wp\/v2\/users\/1"}],"replies":[{"embeddable":true,"href":"https:\/\/naxam.fr\/index.php\/wp-json\/wp\/v2\/comments?post=92"}],"version-history":[{"count":202,"href":"https:\/\/naxam.fr\/index.php\/wp-json\/wp\/v2\/pages\/92\/revisions"}],"predecessor-version":[{"id":1328,"href":"https:\/\/naxam.fr\/index.php\/wp-json\/wp\/v2\/pages\/92\/revisions\/1328"}],"wp:attachment":[{"href":"https:\/\/naxam.fr\/index.php\/wp-json\/wp\/v2\/media?parent=92"}],"curies":[{"name":"wp","href":"https:\/\/api.w.org\/{rel}","templated":true}]}}